en 45 is divided by n(-3).
21
Let u be 2/(-5) + 452/(-20). Let v = u + 38. Calculate the remainder when 44 is divided by v.
14
Let c be (60/(-5))/(2 - (-3)/(-3)). Let h(r) be the first derivative of -r**3/3 - 7*r**2 - 15*r - 1. What is the remainder when h(c) is divided by 6?
3
Let p be (-6)/(0 - 1) - 1. Suppose -p*d = 43 + 107. Calculate the remainder when (-4)/(-4 - -2) - d is divided by 11.
10
Let d(k) = k**2 + 5*k - 3. Let v be d(-4). Let o = 5 - v. Suppose -4 = -w + 3. What is the remainder when o is divided by w?
5
Let l(f) = f**2 - 5*f + 2. Let y = 9 - 3. Let i be l(y). Suppose 35 = -3*d + i*d. Calculate the remainder when 12 is divided by d.
5
Suppose 5*g = 3*q + q + 185, -5*g - 2*q = -155. Let x = g + -20. Calculate the remainder when x is divided by 3.
1
Let n(c) = -5*c**3 + c**2 + c + 1. Let y be n(-1). Suppose -f + y + 29 = 0. Calculate the remainder when f is divided by 12.
11
Suppose -4*x = -3*s - 118 + 12, 3*x = -3*s + 90. Let q = -9 + 14. Suppose -38 = -q*j + 12. Calculate the remainder when x is divided by j.
8
What is the remainder when ((-22)/(-6))/(3/45) - 0 is divided by 22?
11
Let h(w) = 19*w - 3. Let k be h(5). Suppose -3*l - 14 + k = 0. What is the remainder when l is divided by 14?
12
Suppose -4*s - s + 4*j = -110, 2*j + 10 = 0. Let g = s - 13. What is the remainder when 9 is divided by g?
4
Suppose -1 = 4*w + 5*b, -2*b - 6 + 14 = 3*w. Suppose -2*u = z - w, 3*u - 4*z = -u. What is the remainder when u/8 + 195/4 is divided by 17?
15
Let b(v) be the second derivative of -v**4/12 - 3*v**3/2 + 3*v**2 + 3*v. Calculate the remainder when b(-5) is divided by 9.
8
Let w be (-2)/6 - 1/(-3). Let l(d) = -d**2. Let a be l(w). Let o(s) = -s**2 + 10. Calculate the remainder when 29 is divided by o(a).
9
Suppose -v + 42 = 2*v. Calculate the remainder when v is divided by 4.
2
Suppose 115 = 3*s + 22. What is the remainder when 122 is divided by s?
29
Let m(n) = 18*n + 1. Suppose g + 3*c + 2 = 0, -3*c + 20 = 5*g - 6. Calculate the remainder when m(1) is divided by g.
5
Let i(s) = -7*s**2 + 11*s**2 + 2*s + 5*s**2 + s**3. What is the remainder when i(-7) is divided by 29?
26
Suppose -4 = -5*r - a + 10, -4*r = 3*a - 20. Let d(c) = c**3 + 6*c**2 - 7*c + 3. Calculate the remainder when d(-7) is divided by (1 - r)/(1/(-2)).
1
Let g be 1*-2*(-9)/(-6). What is the remainder when 26 is divided by 1/g + 56/6?
8
Let f(c) = -c - 3. Let l be f(-4). Calculate the remainder when l/(2/456*4) is divided by 15.
12
Let l(d) be the second derivative of -d**4/12 - 8*d**3/3 + 8*d**2 + 5*d. What is the remainder when l(-16) is divided by 10?
6
Let s(j) be the first derivative of j**2/2 + 2*j - 1. What is the remainder when s(5) is divided by 2?
1
Let a = 15 - 7. Calculate the remainder when 27 is divided by a.
3
Suppose -5*n = m - 5, 18 = 2*m + n - 37. What is the remainder when 117 is divided by m?
27
Let l(a) be the third derivative of a**5/30 - 3*a**4/8 - 3*a**2. Calculate the remainder when 34 is divided by l(6).
16
Let s = -8 + 33. Let z(r) = 2*r**2 - 3*r + 5. Let o be z(5). Suppose -5*c + 0*c + o = -5*p, -34 = -4*c + 2*p. Calculate the remainder when s is divided by c.
7
Let k(i) = -3*i - 2. Let q be k(-2). Suppose 0 = q*d - 30 - 2. What is the remainder when 14 is divided by d?
6
Let l(i) = -4*i + 3. What is the remainder when 91 is divided by l(-5)?
22
Suppose -3*n + 4*k = -32, 2*n = n - 4*k - 16. What is the remainder when ((-2 - -1) + 17)*1 is divided by (8 + n)*(-3)/(-4)?
7
Let x = 49 + 16. What is the remainder when x is divided by 34?
31
Suppose 10 = -2*m, -15 = q + 4*m - m. Suppose q = 4*l - 0*l - 3*h - 112, -84 = -3*l - 3*h. Calculate the remainder when l is divided by 10.
8
Suppose -5*y + 4*y - 5 = -2*w, -y + 7 = 4*w. Let g(b) = -b + 7. Calculate the remainder when 48/w + (-4 - -2) is divided by g(-5).
10
Let f = 12 - 14. What is the remainder when 3 is divided by (54/45)/(f/(-5))?
0
Suppose 3*s + 4 = -s, 4*i = 4*s + 200. Suppose 4*a = -2*m + 34, 7*m + a = 2*m + i. What is the remainder when 25 is divided by m?
7
Let r = 274 - 180. Calculate the remainder when r is divided by (12/5 + -2)/(1/60).
22
Let n be 14/18 + (-8)/(-36). Let i = -9 - -22. What is the remainder when i is divided by 1*n*(-5)/(-1)?
3
Suppose 0 = -4*u - u + 620. What is the remainder when u is divided by 42?
40
Let y(s) = s - 2. Calculate the remainder when y(10) is divided by (3/6)/(1/6).
2
Suppose z - 2 = -4. Let r = 6 - 9. What is the remainder when 5 is divided by z - r - (-1 + 0)?
1
Let a(k) = -k - 4*k**2 + 2 - 2*k - 3 - k**3. Let r be a(-3). Let s = 2 - r. Calculate the remainder when 10 is divided by s.
1
Suppose f - 6 = 4*v - 66, 4*v = 4*f + 60. Calculate the remainder when v is divided by 13.
2
Suppose -4*c + 2*c = 4. Calculate the remainder when (-1 - -1) + 41 - 3 is divided by ((80/c)/2)/(-1).
18
Suppose 5*n = -52 - 48. Let d = 1 - -7. What is the remainder when d is divided by n/(-7) + 11/77?
2
Suppose 115 = 4*m + m. Suppose -2*q = -i + 3 - 17, 38 = 5*q - i. Calculate the remainder when m is divided by q.
7
Calculate the remainder when 464/5 + (-9)/(-45) is divided by 24.
21
Let g(y) = y**2 + 5*y + 8. Calculate the remainder when g(-4) is divided by 2.
0
Suppose -p = 2*a + 34, 2*a + 22 = 2*p - 0*p. Let i = 37 + a. What is the remainder when i is divided by 8?
6
Suppose -2*d - 19 = -53. Let x = 4 - -1. What is the remainder when d is divided by x?
2
Suppose -4*p + 3*d = -31, p - 25 = -2*p + 4*d. Calculate the remainder when p is divided by 4.
3
Suppose 0 = 3*v - 2*v - 23. Let h = v + -13. Calculate the remainder when 39 is divided by h.
9
Suppose 3 - 15 = -3*y. What is the remainder when 2 + (1 + 0)*4 is divided by y?
2
Suppose 0 = -5*s - 4*g + 429, 0*g + 423 = 5*s - 2*g. Let n = -58 + s. Calculate the remainder when n is divided by 10.
7
Let p(s) = -7 - 5*s + 2 - s**2 - 2*s. Suppose 5*a + 4*w + 35 = 2*a, -2*w + 10 = -4*a. What is the remainder when 14 is divided by p(a)?
4
Let t = 61 + -51. What is the remainder when 27 is divided by t?
7
Suppose 0 = 4*x - 88 - 96. Suppose 0 = -2*q - 20 + 52. What is the remainder when x is divided by q?
14
Let m be (1044/16)/((-6)/16). Calculate the remainder when 6/42 + m/(-7) is divided by 9.
7
Suppose 2*i + 2*i = 32. Let g(l) = 2*l**2 + 5*l - 4. Calculate the remainder when g(3) is divided by i.
5
Let y = 247 - 158. Suppose -5*b - y = 5*x - 254, -5*b + 171 = 2*x. What is the remainder when b is divided by 10?
5
Let f be 2 - 8 - (-6)/2. Calculate the remainder when -2 - f - (-24)/1 is divided by 7.
4
Suppose -2*i - 4*k - 48 = -2, 2*i + 47 = -5*k. What is the remainder when 3 is divided by ((-7)/i)/((-1)/(-6))?
1
Let n(g) = -g**3 + 12*g**2 + 32*g + 11. Calculate the remainder when n(14) is divided by 10.
7
Suppose -4*n - s + 3*s + 208 = 0, 16 = -4*s. What is the remainder when n is divided by 18?
14
Suppose -3*t - t = -4*c + 40, 4*t = -16. Suppose -3*d + 9 = -c. Calculate the remainder when 17 is divided by d.
2
Let y = -123 + 81. Let p = y - -59. What is the remainder when p is divided by 6?
5
Suppose 0 = -w + 48 - 20. Calculate the remainder when w is divided by 15.
13
Let p = -10 - -13. Suppose 3*j - 3*s = 30, 0*s - s = p*j - 14. What is the remainder when 10 is divided by j?
4
Let x = -17 + 34. What is the remainder when 66 is divided by x?
15
Suppose -3*j = j - 160. Let b = -44 - -65. Calculate the remainder when j is divided by b.
19
Calculate the remainder when -83*1*(-1 + 0) is divided by 42.
41
Suppose -t = -0 - 2. Let r be (-20)/(-3) - t/(-6). What is the remainder when 242/14 - 2/r is divided by 6?
5
Let f(g) = -g**3 + 2*g**2 - 2*g - 3. Suppose -2*k = -3*k + 32. Calculate the remainder when k is divided by f(-2).
15
Let k(u) = -u**2 + 4*u - 1. Let y be k(5). Calculate the remainder when (9/y)/(9/(-132)) is divided by 8.
6
Suppose -4*o + 290 - 66 = 0. Let u(v) = -3*v + 1. What is the remainder when o is divided by u(-6)?
18
What is the remainder when 11 is divided by (-119)/(-42) + 1/6?
2
Let f(j) = j**3 - 15*j**2 + 29*j. What is the remainder when 76 is divided by f(13)?
37
Let f = 143 + -118. Calculate the remainder when f is divided by 10.
5
Let p(a) = a**3 - 7*a**2 + 9*a - 3. Let g be p(6). Suppose g*s - 20*s + 75 = 0. What is the remainder when 29 is divided by s?
14
Suppose -a + 3 = -3*j - j, j + a = -2. W